{"id":254,"date":"2018-09-03T21:18:45","date_gmt":"2018-09-03T19:18:45","guid":{"rendered":"http:\/\/www.dieu-est-un-fumeur-de-havanes.fr\/?page_id=254"},"modified":"2019-05-05T16:10:07","modified_gmt":"2019-05-05T14:10:07","slug":"hexagone","status":"publish","type":"page","link":"https:\/\/www.dieu-est-un-fumeur-de-havanes.fr\/index.php\/hexagone\/","title":{"rendered":"Hexagone"},"content":{"rendered":"<figure id=\"attachment_554\" aria-describedby=\"caption-attachment-554\" style=\"width: 1024px\" class=\"wp-caption aligncenter\"><a href=\"http:\/\/www.dieu-est-un-fumeur-de-havanes.fr\/index.php\/hexagone\/auvergne\/\"><img loading=\"lazy\" class=\"wp-image-554 size-large\" title=\"Acc\u00e9der \u00e0 la galerie compl\u00e8te (Auvergne)\" src=\"http:\/\/www.dieu-est-un-fumeur-de-havanes.fr\/wp-content\/uploads\/2018\/09\/header-2014-mai-auvergne-st-nectaire-1024x544.jpg\" alt=\"Acc\u00e9der \u00e0 la galerie compl\u00e8te (Auvergne) - Dieu est un fumeur de havanes\" width=\"1024\" height=\"544\" srcset=\"https:\/\/www.dieu-est-un-fumeur-de-havanes.fr\/wp-content\/uploads\/2018\/09\/header-2014-mai-auvergne-st-nectaire-1024x544.jpg 1024w, https:\/\/www.dieu-est-un-fumeur-de-havanes.fr\/wp-content\/uploads\/2018\/09\/header-2014-mai-auvergne-st-nectaire-300x159.jpg 300w, https:\/\/www.dieu-est-un-fumeur-de-havanes.fr\/wp-content\/uploads\/2018\/09\/header-2014-mai-auvergne-st-nectaire-768x408.jpg 768w, https:\/\/www.dieu-est-un-fumeur-de-havanes.fr\/wp-content\/uploads\/2018\/09\/header-2014-mai-auvergne-st-nectaire.jpg 1600w\" sizes=\"(max-width: 1024px) 100vw, 1024px\" \/><\/a><figcaption id=\"caption-attachment-554\" class=\"wp-caption-text\"><strong>Auvergne<\/strong> (77 photographies)<\/figcaption><\/figure>\n<figure id=\"attachment_555\" aria-describedby=\"caption-attachment-555\" style=\"width: 1024px\" class=\"wp-caption aligncenter\"><a href=\"http:\/\/www.dieu-est-un-fumeur-de-havanes.fr\/index.php\/hexagone\/aveyron\/\"><img loading=\"lazy\" class=\"wp-image-555 size-large\" title=\"Acc\u00e9der \u00e0 la galerie compl\u00e8te (Aveyron)\" src=\"http:\/\/www.dieu-est-un-fumeur-de-havanes.fr\/wp-content\/uploads\/2018\/09\/header-2011-juin-aveyron-19-1024x544.jpg\" alt=\"Acc\u00e9der \u00e0 la galerie compl\u00e8te (Aveyron) - Dieu est un fumeur de havanes\" width=\"1024\" height=\"544\" srcset=\"https:\/\/www.dieu-est-un-fumeur-de-havanes.fr\/wp-content\/uploads\/2018\/09\/header-2011-juin-aveyron-19-1024x544.jpg 1024w, https:\/\/www.dieu-est-un-fumeur-de-havanes.fr\/wp-content\/uploads\/2018\/09\/header-2011-juin-aveyron-19-300x159.jpg 300w, https:\/\/www.dieu-est-un-fumeur-de-havanes.fr\/wp-content\/uploads\/2018\/09\/header-2011-juin-aveyron-19-768x408.jpg 768w, https:\/\/www.dieu-est-un-fumeur-de-havanes.fr\/wp-content\/uploads\/2018\/09\/header-2011-juin-aveyron-19.jpg 1600w\" sizes=\"(max-width: 1024px) 100vw, 1024px\" \/><\/a><figcaption id=\"caption-attachment-555\" class=\"wp-caption-text\"><strong>Aveyron<\/strong> (32 photographies)<\/figcaption><\/figure>\n<figure id=\"attachment_557\" aria-describedby=\"caption-attachment-557\" style=\"width: 1024px\" class=\"wp-caption aligncenter\"><a href=\"http:\/\/www.dieu-est-un-fumeur-de-havanes.fr\/index.php\/hexagone\/baie-de-somme\/\"><img loading=\"lazy\" class=\"wp-image-557 size-large\" title=\"Acc\u00e9der \u00e0 la galerie compl\u00e8te (Baie de Somme)\" src=\"http:\/\/www.dieu-est-un-fumeur-de-havanes.fr\/wp-content\/uploads\/2018\/09\/header-2011-decembre-somme-7-1024x544.jpg\" alt=\"Acc\u00e9der \u00e0 la galerie compl\u00e8te (Baie de Somme) - Dieu est un fumeur de havanes\" width=\"1024\" height=\"544\" srcset=\"https:\/\/www.dieu-est-un-fumeur-de-havanes.fr\/wp-content\/uploads\/2018\/09\/header-2011-decembre-somme-7-1024x544.jpg 1024w, https:\/\/www.dieu-est-un-fumeur-de-havanes.fr\/wp-content\/uploads\/2018\/09\/header-2011-decembre-somme-7-300x159.jpg 300w, https:\/\/www.dieu-est-un-fumeur-de-havanes.fr\/wp-content\/uploads\/2018\/09\/header-2011-decembre-somme-7-768x408.jpg 768w, https:\/\/www.dieu-est-un-fumeur-de-havanes.fr\/wp-content\/uploads\/2018\/09\/header-2011-decembre-somme-7.jpg 1600w\" sizes=\"(max-width: 1024px) 100vw, 1024px\" \/><\/a><figcaption id=\"caption-attachment-557\" class=\"wp-caption-text\"><strong>Baie de Somme<\/strong> (36 photographies)<\/figcaption><\/figure>\n<figure id=\"attachment_1226\" aria-describedby=\"caption-attachment-1226\" style=\"width: 1024px\" class=\"wp-caption aligncenter\"><a href=\"http:\/\/www.dieu-est-un-fumeur-de-havanes.fr\/index.php\/hexagone\/camargue\/\"><img loading=\"lazy\" class=\"wp-image-1226 size-large\" title=\"Acc\u00e9der \u00e0 la galerie compl\u00e8te (Camargue)\" src=\"http:\/\/www.dieu-est-un-fumeur-de-havanes.fr\/wp-content\/uploads\/2018\/10\/header-2013-aout-camargue-24-1024x544.jpg\" alt=\"Acc\u00e9der \u00e0 la galerie compl\u00e8te (Camargue) - Dieu est un fumeur de havanes\" width=\"1024\" height=\"544\" srcset=\"https:\/\/www.dieu-est-un-fumeur-de-havanes.fr\/wp-content\/uploads\/2018\/10\/header-2013-aout-camargue-24-1024x544.jpg 1024w, https:\/\/www.dieu-est-un-fumeur-de-havanes.fr\/wp-content\/uploads\/2018\/10\/header-2013-aout-camargue-24-400x213.jpg 400w, https:\/\/www.dieu-est-un-fumeur-de-havanes.fr\/wp-content\/uploads\/2018\/10\/header-2013-aout-camargue-24-768x408.jpg 768w, https:\/\/www.dieu-est-un-fumeur-de-havanes.fr\/wp-content\/uploads\/2018\/10\/header-2013-aout-camargue-24.jpg 1600w\" sizes=\"(max-width: 1024px) 100vw, 1024px\" \/><\/a><figcaption id=\"caption-attachment-1226\" class=\"wp-caption-text\"><strong>Camargue<\/strong> (78 photographies)<\/figcaption><\/figure>\n<figure id=\"attachment_1073\" aria-describedby=\"caption-attachment-1073\" style=\"width: 1024px\" class=\"wp-caption aligncenter\"><a href=\"http:\/\/www.dieu-est-un-fumeur-de-havanes.fr\/index.php\/hexagone\/conques\/\"><img loading=\"lazy\" class=\"wp-image-1073 size-large\" title=\"Acc\u00e9der \u00e0 la galerie compl\u00e8te (Conques)\" src=\"http:\/\/www.dieu-est-un-fumeur-de-havanes.fr\/wp-content\/uploads\/2018\/10\/header-2014-mai-conques-3-1024x544.jpg\" alt=\"Acc\u00e9der \u00e0 la galerie compl\u00e8te (Conques) - Dieu est un fumeur de havanes\" width=\"1024\" height=\"544\" srcset=\"https:\/\/www.dieu-est-un-fumeur-de-havanes.fr\/wp-content\/uploads\/2018\/10\/header-2014-mai-conques-3-1024x544.jpg 1024w, https:\/\/www.dieu-est-un-fumeur-de-havanes.fr\/wp-content\/uploads\/2018\/10\/header-2014-mai-conques-3-400x213.jpg 400w, https:\/\/www.dieu-est-un-fumeur-de-havanes.fr\/wp-content\/uploads\/2018\/10\/header-2014-mai-conques-3-768x408.jpg 768w, https:\/\/www.dieu-est-un-fumeur-de-havanes.fr\/wp-content\/uploads\/2018\/10\/header-2014-mai-conques-3.jpg 1600w\" sizes=\"(max-width: 1024px) 100vw, 1024px\" \/><\/a><figcaption id=\"caption-attachment-1073\" class=\"wp-caption-text\"><strong>Conques<\/strong> (18 photographies)<\/figcaption><\/figure>\n<figure id=\"attachment_1288\" aria-describedby=\"caption-attachment-1288\" style=\"width: 1024px\" class=\"wp-caption aligncenter\"><a href=\"http:\/\/www.dieu-est-un-fumeur-de-havanes.fr\/index.php\/hexagone\/corse\/\"><img loading=\"lazy\" class=\"wp-image-1288 size-large\" title=\"Acc\u00e9der \u00e0 la galerie compl\u00e8te (Corse)\" src=\"http:\/\/www.dieu-est-un-fumeur-de-havanes.fr\/wp-content\/uploads\/2018\/10\/header-2015-mai-corse-golfe-porto-13-1024x547.jpg\" alt=\"Acc\u00e9der \u00e0 la galerie compl\u00e8te (Corse) - Dieu est un fumeur de havanes\" width=\"1024\" height=\"547\" srcset=\"https:\/\/www.dieu-est-un-fumeur-de-havanes.fr\/wp-content\/uploads\/2018\/10\/header-2015-mai-corse-golfe-porto-13-1024x547.jpg 1024w, https:\/\/www.dieu-est-un-fumeur-de-havanes.fr\/wp-content\/uploads\/2018\/10\/header-2015-mai-corse-golfe-porto-13-400x214.jpg 400w, https:\/\/www.dieu-est-un-fumeur-de-havanes.fr\/wp-content\/uploads\/2018\/10\/header-2015-mai-corse-golfe-porto-13-768x410.jpg 768w, https:\/\/www.dieu-est-un-fumeur-de-havanes.fr\/wp-content\/uploads\/2018\/10\/header-2015-mai-corse-golfe-porto-13.jpg 1600w\" sizes=\"(max-width: 1024px) 100vw, 1024px\" \/><\/a><figcaption id=\"caption-attachment-1288\" class=\"wp-caption-text\"><strong>Corse<\/strong> (89 photographies)<\/figcaption><\/figure>\n<figure id=\"attachment_1374\" aria-describedby=\"caption-attachment-1374\" style=\"width: 1024px\" class=\"wp-caption aligncenter\"><a href=\"http:\/\/www.dieu-est-un-fumeur-de-havanes.fr\/index.php\/hexagone\/die\/\"><img loading=\"lazy\" class=\"wp-image-1374 size-large\" title=\"Acc\u00e9der \u00e0 la galerie compl\u00e8te (Die)\" src=\"http:\/\/www.dieu-est-un-fumeur-de-havanes.fr\/wp-content\/uploads\/2018\/10\/header-2013-juin-die-19-1024x544.jpg\" alt=\"Acc\u00e9der \u00e0 la galerie compl\u00e8te (Die) - Dieu est un fumeur de havanes\" width=\"1024\" height=\"544\" srcset=\"https:\/\/www.dieu-est-un-fumeur-de-havanes.fr\/wp-content\/uploads\/2018\/10\/header-2013-juin-die-19-1024x544.jpg 1024w, https:\/\/www.dieu-est-un-fumeur-de-havanes.fr\/wp-content\/uploads\/2018\/10\/header-2013-juin-die-19-400x213.jpg 400w, https:\/\/www.dieu-est-un-fumeur-de-havanes.fr\/wp-content\/uploads\/2018\/10\/header-2013-juin-die-19-768x408.jpg 768w, https:\/\/www.dieu-est-un-fumeur-de-havanes.fr\/wp-content\/uploads\/2018\/10\/header-2013-juin-die-19.jpg 1600w\" sizes=\"(max-width: 1024px) 100vw, 1024px\" \/><\/a><figcaption id=\"caption-attachment-1374\" class=\"wp-caption-text\"><strong>Die<\/strong> (22 photographies)<\/figcaption><\/figure>\n<figure id=\"attachment_1436\" aria-describedby=\"caption-attachment-1436\" style=\"width: 1024px\" class=\"wp-caption aligncenter\"><a href=\"http:\/\/www.dieu-est-un-fumeur-de-havanes.fr\/index.php\/hexagone\/grignan\/\"><img loading=\"lazy\" class=\"wp-image-1436 size-large\" title=\"Acc\u00e9der \u00e0 la galerie compl\u00e8te (Grignan)\" src=\"http:\/\/www.dieu-est-un-fumeur-de-havanes.fr\/wp-content\/uploads\/2018\/11\/header-2013-janvier-grignan-7-1024x544.jpg\" alt=\"Acc\u00e9der \u00e0 la galerie compl\u00e8te (Grignan) - Dieu est un fumeur de havanes\" width=\"1024\" height=\"544\" srcset=\"https:\/\/www.dieu-est-un-fumeur-de-havanes.fr\/wp-content\/uploads\/2018\/11\/header-2013-janvier-grignan-7-1024x544.jpg 1024w, https:\/\/www.dieu-est-un-fumeur-de-havanes.fr\/wp-content\/uploads\/2018\/11\/header-2013-janvier-grignan-7-400x213.jpg 400w, https:\/\/www.dieu-est-un-fumeur-de-havanes.fr\/wp-content\/uploads\/2018\/11\/header-2013-janvier-grignan-7-768x408.jpg 768w, https:\/\/www.dieu-est-un-fumeur-de-havanes.fr\/wp-content\/uploads\/2018\/11\/header-2013-janvier-grignan-7.jpg 1600w\" sizes=\"(max-width: 1024px) 100vw, 1024px\" \/><\/a><figcaption id=\"caption-attachment-1436\" class=\"wp-caption-text\"><strong>Grignan et ses environs<\/strong> (48 photographies)<\/figcaption><\/figure>\n<figure id=\"attachment_1489\" aria-describedby=\"caption-attachment-1489\" style=\"width: 1024px\" class=\"wp-caption aligncenter\"><a href=\"http:\/\/www.dieu-est-un-fumeur-de-havanes.fr\/index.php\/hexagone\/lille-et-roubaix\/\"><img loading=\"lazy\" class=\"wp-image-1489 size-large\" title=\"Acc\u00e9der \u00e0 la galerie compl\u00e8te (Lille et Roubaix)\" src=\"http:\/\/www.dieu-est-un-fumeur-de-havanes.fr\/wp-content\/uploads\/2018\/11\/header-2018-mars-lille-roubaix-20-1024x544.jpg\" alt=\"Acc\u00e9der \u00e0 la galerie compl\u00e8te (Lille et Roubaix) - Dieu est un fumeur de havanes\" width=\"1024\" height=\"544\" srcset=\"https:\/\/www.dieu-est-un-fumeur-de-havanes.fr\/wp-content\/uploads\/2018\/11\/header-2018-mars-lille-roubaix-20-1024x544.jpg 1024w, https:\/\/www.dieu-est-un-fumeur-de-havanes.fr\/wp-content\/uploads\/2018\/11\/header-2018-mars-lille-roubaix-20-400x213.jpg 400w, https:\/\/www.dieu-est-un-fumeur-de-havanes.fr\/wp-content\/uploads\/2018\/11\/header-2018-mars-lille-roubaix-20-768x408.jpg 768w, https:\/\/www.dieu-est-un-fumeur-de-havanes.fr\/wp-content\/uploads\/2018\/11\/header-2018-mars-lille-roubaix-20.jpg 1600w\" sizes=\"(max-width: 1024px) 100vw, 1024px\" \/><\/a><figcaption id=\"caption-attachment-1489\" class=\"wp-caption-text\"><strong>Lille et Roubaix<\/strong> (19 photographies)<\/figcaption><\/figure>\n<figure id=\"attachment_1462\" aria-describedby=\"caption-attachment-1462\" style=\"width: 1024px\" class=\"wp-caption aligncenter\"><a href=\"http:\/\/www.dieu-est-un-fumeur-de-havanes.fr\/index.php\/hexagone\/pyrenees-catalanes\/\"><img loading=\"lazy\" class=\"wp-image-1462 size-large\" title=\"Acc\u00e9der \u00e0 la galerie compl\u00e8te (Pyr\u00e9n\u00e9es Catalanes)\" src=\"http:\/\/www.dieu-est-un-fumeur-de-havanes.fr\/wp-content\/uploads\/2018\/11\/header-2013-juillet-pyrenees-cat-5-1024x544.jpg\" alt=\"Acc\u00e9der \u00e0 la galerie compl\u00e8te (Pyr\u00e9n\u00e9es Catalanes) - Dieu est un fumeur de havanes\" width=\"1024\" height=\"544\" srcset=\"https:\/\/www.dieu-est-un-fumeur-de-havanes.fr\/wp-content\/uploads\/2018\/11\/header-2013-juillet-pyrenees-cat-5-1024x544.jpg 1024w, https:\/\/www.dieu-est-un-fumeur-de-havanes.fr\/wp-content\/uploads\/2018\/11\/header-2013-juillet-pyrenees-cat-5-400x213.jpg 400w, https:\/\/www.dieu-est-un-fumeur-de-havanes.fr\/wp-content\/uploads\/2018\/11\/header-2013-juillet-pyrenees-cat-5-768x408.jpg 768w, https:\/\/www.dieu-est-un-fumeur-de-havanes.fr\/wp-content\/uploads\/2018\/11\/header-2013-juillet-pyrenees-cat-5.jpg 1600w\" sizes=\"(max-width: 1024px) 100vw, 1024px\" \/><\/a><figcaption id=\"caption-attachment-1462\" class=\"wp-caption-text\"><strong>Pyr\u00e9n\u00e9es catalanes<\/strong> (18 photographies)<\/figcaption><\/figure>\n<figure id=\"attachment_1480\" aria-describedby=\"caption-attachment-1480\" style=\"width: 1024px\" class=\"wp-caption aligncenter\"><a href=\"http:\/\/www.dieu-est-un-fumeur-de-havanes.fr\/index.php\/hexagone\/toulouse\/\"><img loading=\"lazy\" class=\"wp-image-1480 size-large\" title=\"Acc\u00e9der \u00e0 la galerie compl\u00e8te (Toulouse)\" src=\"http:\/\/www.dieu-est-un-fumeur-de-havanes.fr\/wp-content\/uploads\/2018\/11\/header-2012-avril-toulouse-11-1024x544.jpg\" alt=\"Acc\u00e9der \u00e0 la galerie compl\u00e8te (Toulouse) - Dieu est un fumeur de havanes\" width=\"1024\" height=\"544\" srcset=\"https:\/\/www.dieu-est-un-fumeur-de-havanes.fr\/wp-content\/uploads\/2018\/11\/header-2012-avril-toulouse-11-1024x544.jpg 1024w, https:\/\/www.dieu-est-un-fumeur-de-havanes.fr\/wp-content\/uploads\/2018\/11\/header-2012-avril-toulouse-11-400x213.jpg 400w, https:\/\/www.dieu-est-un-fumeur-de-havanes.fr\/wp-content\/uploads\/2018\/11\/header-2012-avril-toulouse-11-768x408.jpg 768w, https:\/\/www.dieu-est-un-fumeur-de-havanes.fr\/wp-content\/uploads\/2018\/11\/header-2012-avril-toulouse-11.jpg 1600w\" sizes=\"(max-width: 1024px) 100vw, 1024px\" \/><\/a><figcaption id=\"caption-attachment-1480\" class=\"wp-caption-text\"><strong>Toulouse<\/strong> (13 photographies)<\/figcaption><\/figure>\n<p>&nbsp;<\/p>\n","protected":false},"excerpt":{"rendered":"<p>&nbsp;<\/p>\n","protected":false},"author":1,"featured_media":0,"parent":0,"menu_order":2,"comment_status":"closed","ping_status":"closed","template":"","meta":[],"_links":{"self":[{"href":"https:\/\/www.dieu-est-un-fumeur-de-havanes.fr\/index.php\/wp-json\/wp\/v2\/pages\/254"}],"collection":[{"href":"https:\/\/www.dieu-est-un-fumeur-de-havanes.fr\/index.php\/wp-json\/wp\/v2\/pages"}],"about":[{"href":"https:\/\/www.dieu-est-un-fumeur-de-havanes.fr\/index.php\/wp-json\/wp\/v2\/types\/page"}],"author":[{"embeddable":true,"href":"https:\/\/www.dieu-est-un-fumeur-de-havanes.fr\/index.php\/wp-json\/wp\/v2\/users\/1"}],"replies":[{"embeddable":true,"href":"https:\/\/www.dieu-est-un-fumeur-de-havanes.fr\/index.php\/wp-json\/wp\/v2\/comments?post=254"}],"version-history":[{"count":21,"href":"https:\/\/www.dieu-est-un-fumeur-de-havanes.fr\/index.php\/wp-json\/wp\/v2\/pages\/254\/revisions"}],"predecessor-version":[{"id":3147,"href":"https:\/\/www.dieu-est-un-fumeur-de-havanes.fr\/index.php\/wp-json\/wp\/v2\/pages\/254\/revisions\/3147"}],"wp:attachment":[{"href":"https:\/\/www.dieu-est-un-fumeur-de-havanes.fr\/index.php\/wp-json\/wp\/v2\/media?parent=254"}],"curies":[{"name":"wp","href":"https:\/\/api.w.org\/{rel}","templated":true}]}}